igit of p?
1
Let v(o) = 3151*o**2 - 10*o - 5. What is the hundreds digit of v(-1)?
1
Let m = -537 + 542. Suppose -3*l - 2*y = -5062, m*l - 2*y - y - 8443 = 0. What is the hundreds digit of l?
6
Suppose 0 = -11*x + 16948 + 51219. What is the tens digit of x?
9
Let p be 6*65/52 - (-1)/2. Suppose -32*n + 16344 = -p*n. What is the hundreds digit of n?
6
Suppose -88 = -3*k + 158. Suppose 502 - k = -4*x. Let p = x + 155. What is the units digit of p?
0
Let y(z) = 2*z**3 - 2*z**2 - z - 18. Let c be y(3). Let a be 441/(-6)*(-2)/3. Let q = c + a. What is the units digit of q?
4
Suppose -2*l = -4*k + 4, -2*k + 7 = 2*l - 13. Suppose -n + l*n - v = 2320, -n - 4*v + 443 = 0. What is the hundreds digit of n?
4
Let m be (1 + -3 + 9 + -5)*763. Let k = -334 + m. What is the units digit of k?
2
Suppose -42*l + 405 = -37*l. Let s = l - -74. Suppose 3*k + 2*d + 2*d = s, 5*d = -4*k + 207. What is the units digit of k?
3
Let x = 8970 + -2618. What is the hundreds digit of x?
3
Suppose -4*i - i - 25 = 0, i - 391 = -4*r. Suppose 96*z - r*z = -2490. What is the units digit of z?
0
Suppose 5*b = -4*b + 36. Let g be (-4)/18 - (b/(-18) - -2). What is the units digit of (-182*2/(-8))/(g/(-4))?
1
Let i be 10/4 + (-117)/(-78). Suppose -n + s = -0*n - 1568, -i*n + 2*s = -6278. What is the thousands digit of n?
1
Let f = 2 - 1. Let h(z) = 297*z**2 - 77*z + 231. Let s(k) = -23*k**2 + 6*k - 18. Let j(b) = 6*h(b) + 77*s(b). What is the tens digit of j(f)?
1
Let q = 663 + -392. Suppose 2*u = -47 + q. Suppose -3*v + k + u = 0, 5*k + 12 + 8 = 0. What is the units digit of v?
6
Suppose -117*r + 7448350 = 208*r. What is the ten thousands digit of r?
2
What is the tens digit of 4269*(-11)/110*-10?
6
Let a = 17293 + -4629. What is the thousands digit of 4*(-6)/(-48)*a/4?
1
Let q(j) = 33*j + 0*j - 71 - 4*j. Let s be q(-7). Let w = s + 450. What is the hundreds digit of w?
1
Let n(h) = h**3 + h**2 + 4*h + 3. Suppose 6 = -i + 5. Let f be n(i). What is the units digit of (10/(-25))/(f/(-290)*-2)?
8
Suppose -390*o - 19040 = -425*o. What is the hundreds digit of o?
5
Let y be (-6)/((0 + 12)/(-6)). Let t(o) be the third derivative of o**5/15 + o**4/8 - 3*o**3/2 + 4*o**2. What is the units digit of t(y)?
6
Suppose 190 = 6*n - 674. Suppose 3*m + 10 = 8*m. Suppose m*b = -b + n. What is the tens digit of b?
4
Suppose -9*r = -244384 - 129980. What is the units digit of r?
6
Suppose -15*j + 3652 = -4*j. Let m = 651 - j. What is the units digit of m?
9
Suppose -4*y = -4*m + 190700, -152127 - 86260 = -5*m + 2*y. What is the ten thousands digit of m?
4
Let l be 8/6 + 30/45. Suppose 0 = -2*u - u - 5*g - 12, -2*u - 8 = -l*g. Let y = 269 + u. What is the tens digit of y?
6
Let h(c) = 2*c**2 - 446*c + 95. What is the thousands digit of h(-13)?
6
Let s(u) = u + 2. Let t be s(1). Let j(n) = -7*n - 20. Let f(h) = -h - 1. Let q(z) = t*f(z) + j(z). What is the units digit of q(-6)?
7
Suppose 0 = -2*x - 2*i + 28450, -15658 = -5*x - 2*i + 55464. What is the hundreds digit of x?
2
Let u = -14544 + 23405. What is the units digit of u?
1
Let i(a) = a**2 - 6*a - 44. Let l be i(10). What is the tens digit of 5502/9 - l/(-12)?
1
Let x = 4486 + 17798. What is the hundreds digit of x?
2
Let v = 72235 + -41379. What is the thousands digit of v?
0
Let i = 78 - 104. Let m = 24 + i. What is the hundreds digit of ((-38)/4)/(m/24)?
1
Let y be ((-32)/(-10))/((-18)/4320). Let v = 31 - y. What is the hundreds digit of v?
7
Let o = 8117 + -4701. What is the thousands digit of o?
3
Suppose 4*c - 5*h = 8, 2*c = 4*h - 0 + 4. Let g be 1834*1/c*1*1. Suppose -224 + g = 3*i. What is the hundreds digit of i?
2
Let h = 108581 - 59438. What is the units digit of h?
3
Let x(f) = f**3 - 4*f**2 - 1. Let u be x(5). Suppose 243 = 27*p - u*p. Let o = 203 + p. What is the tens digit of o?
8
Suppose 13*u = 14*u + 7, -3*r - 4*u = -76835. What is the thousands digit of r?
5
Let p(j) = j + 25. Suppose 14*c - 191 - 5 = 0. Suppose c = -3*n - q - 0*q, -5*n = 4*q + 14. What is the units digit of p(n)?
9
Suppose -3*b - 1188 = -6*b - 1176. Suppose -5*r = -4*a, -3*r = -3*a + 2*a - 7. Suppose -a*v - 419 = -4*t + 36, -4*t = b*v - 428. What is the tens digit of t?
1
Suppose -l - 8 = -3*l. Suppose 2*j + l = -0. What is the units digit of (-1 - (1 + 162))/j?
2
Let y(h) = -518*h + 1693. What is the units digit of y(-23)?
7
Suppose 5*i = 2*o - 24, -4*o = -0*i - 2*i - 16. Let d be (4 - -2) + (i - -1). Suppose -d*r - 4*a + 503 = 0, -4*r = -a - 296 - 381. What is the units digit of r?
9
Suppose 128*c = -17*c + 2483560. What is the thousands digit of c?
7
Suppose 4 = -u - 6. Let x(p) be the third derivative of -p**5/20 - 11*p**4/8 - 22*p**2. What is the units digit of x(u)?
0
Suppose -21*a = -173 - 121. What is the units digit of 916/3*(4 + (-35)/a)?
8
Suppose 2 = 8*d - 22. Suppose 1697 = 3*a + d*f - 1000, 0 = -a + f + 893. What is the hundreds digit of a?
8
What is the tens digit of (-16094)/(-2) + 25/25*(0 + 3)?
5
Suppose 5*q = 79*q - 5129384. What is the ten thousands digit of q?
6
Let a(z) = z**3 - 6*z**2 + 15*z + 25. Let w be a(8). Suppose 463 = 4*v - w. What is the hundreds digit of v?
1
Let n = 212 - 0. Let a = n - 48. Suppose -340 - a = -8*q. What is the units digit of q?
3
Let k be (7 - 3)/((-2)/(-3)). What is the hundreds digit of 388 - 0*((-27)/k - -4)?
3
Suppose 32*b - 89918 = b + 417118. What is the tens digit of b?
5
Suppose -6*n + 2663 = -5059. Suppose 3*q = 4*d - n, 6*q - 4*q - 1580 = -5*d. What is the units digit of d?
8
Suppose x - 9 = 3*u + 6*x, 0 = -3*u - 4*x - 6. Suppose 0 = u*r + w + 127, 3 - 1 = 2*w. What is the tens digit of (-8)/(8/2) - r?
6
Let b = 5153 + 18563. What is the hundreds digit of b?
7
Let o(n) = 1900*n**2 - 32*n + 36. Let j(b) = 760*b**2 - 13*b + 15. Let u(i) = -12*j(i) + 5*o(i). What is the hundreds digit of u(1)?
3
Let s(o) = 2*o**2 + 27*o - 72. Suppose -4*j - 119 = -5*b, 4*j = 3*j + b - 30. What is the thousands digit of s(j)?
1
Suppose 25*n = 28*n - 741. Let j = 1088 - n. What is the tens digit of j?
4
Let t = -21103 - -30844. What is the hundreds digit of t?
7
What is the units digit of (87 - 11)*((-7545)/(-12) - 5)?
5
Let d be ((-580)/(-12) - -1)/(50/(-75)). Let m(o) = -o**3 + o**2 + 3*o - 1. Let b be m(2). Let p = b - d. What is the units digit of p?
5
Suppose -742*l - c + 178550 = -738*l, l - 44612 = 4*c. What is the tens digit of l?
3
Let c = 331 + -174. Let x = 229 - c. What is the tens digit of x?
7
Let p be -1 - (-5 + 9 + 365). What is the tens digit of (p/40)/((-7)/(-4) + -2)?
3
Let s(c) = c + 2. Let h be s(-8). Let g(v) be the first derivative of -v**4/4 - 4*v**3/3 - 2*v**2 + 16*v + 20. What is the tens digit of g(h)?
1
Suppose 22 = -3*a + 5*a. Suppose -10*v = -a - 29. Suppose 0 = x + u - 2*u - 91, v*u + 278 = 3*x. What is the units digit of x?
6
Let d be 4/2*(135/18)/5. Suppose 104 = b + d. Suppose 43 = p - b. What is the hundreds digit of p?
1
Let p(c) = 10*c - 117. Let f be p(12). Suppose -f*y + 135 = 3*t - 933, 0 = -3*y + 4*t + 1103. What is the units digit of y?
1
What is the units digit of ((-6 + 7)*(0 + 1))/(17/101388)?
4
Let c = 22 - -25. Suppose -2*g + a = -4*a - c, -3*g = -2*a - 54. What is the units digit of g?
6
Suppose 0 = 4*c + 6 + 2. Let v(d) = d**3 + 6*d**2 + d + 1. Let r(a) = -19*a**3 - 22*a**2 - 2*a - 6. Let w(z) = r(z) + 4*v(z). What is the units digit of w(c)?
2
Suppose -4*d + 2 = -18. What is the thousands digit of (-29448)/(-24)*d/(30/8)?
1
Suppose 0 = 56*r - 84475 - 148877. What is the hundreds digit of r?
1
Suppose g - q = 13280, 7*g - 11*g - 9*q + 53146 = 0. What is the tens digit of g?
8
Let h be -12 - 5*(3 - 4). What is the units digit of ((-7)/(h/(-3)))/((-3)/334)?
4
Suppose 96*g = 61*g + 10675. Let p = 145 - 357. Let f = p + g. What is the tens digit of f?
9
Let i(o) = -2*o**2 - o - 3. Let z be i(-3). Suppose -27*w - 3300 = 28*w. What is the tens digit of (-5390)/w - 3/z?
9
Let d(m) = -22*m**3 - m**2 + m - 10. Let b be d(-3). Let k be 2/(-3) + 7*(-6)/(-9). Suppose -4*y = t + 4*t - b, k*t + 398 = 3*y. What is the units digit of y?
8
Let m(d) = 6*d + 2. Let p be m(0). Suppose 8*l + p*l = 2870. What is the hundreds digit of l?
2
Suppose -13*o - 48 = -12*o. Let j be (o/(-9) - 5)/((-2)/(-24)). Suppose j*x = -t + 872, -3*x = 2*t + 2*t - 641. What is the tens digit of x?
1
Suppose -5*g = 2*